se
Does 7 divide 23135?
True
Is 10 a factor of 253565?
False
Does 72 divide 51255?
False
Is 14 a factor of 373814?
True
Is 9 a factor of 290259?
True
Does 9 divide 13546039?
False
Does 17 divide 137304?
False
Does 62 divide 5038244?
True
Does 4 divide 304440?
True
Is 22 a factor of 35530?
True
Is 27224 a multiple of 174?
False
Is 128440 a multiple of 20?
True
Is 37 a factor of 41080?
False
Is 138016 a multiple of 16?
True
Is 36 a factor of 10685304?
True
Is 3 a factor of 29979?
True
Is 144 a factor of 32976?
True
Does 21 divide 163506?
True
Does 22 divide 14953?
False
Is 13971 a multiple of 8?
False
Is 461171 a multiple of 16?
False
Is 18 a factor of 12985263?
False
Is 226 a factor of 641162?
True
Is 6 a factor of 32604?
True
Is 149 a factor of 138056?
False
Does 19 divide 208316?
True
Is 667848 a multiple of 681?
False
Is 73 a factor of 34826?
False
Is 89 a factor of 4808937?
True
Is 8006788 a multiple of 909?
False
Is 3254526 a multiple of 99?
True
Is 34199 a multiple of 17?
False
Is 2744192 a multiple of 615?
False
Is 634337 a multiple of 2?
False
Is 350 a factor of 66363?
False
Is 765466 a multiple of 47?
False
Is 3577980 a multiple of 30?
True
Is 8 a factor of 42768?
True
Does 199 divide 807542?
True
Is 13 a factor of 29484?
True
Is 114410 a multiple of 293?
False
Is 59 a factor of 549113?
True
Is 236 a factor of 5668248?
True
Does 85 divide 531092?
False
Is 273348 a multiple of 6?
True
Does 17 divide 620512?
False
Does 29 divide 46979?
False
Is 868695 a multiple of 56?
False
Does 36 divide 94608?
True
Does 52 divide 366288?
True
Is 111588 a multiple of 4?
True
Is 6458976 a multiple of 42?
False
Does 57 divide 27822897?
True
Is 166298 a multiple of 12?
False
Does 50 divide 59250?
True
Is 16694650 a multiple of 175?
True
Does 158 divide 263702?
True
Does 28 divide 122024?
True
Is 77 a factor of 156387?
True
Is 5157012 a multiple of 438?
True
Is 2 a factor of 3317?
False
Is 238 a factor of 2753898?
True
Does 40 divide 189360?
True
Is 5 a factor of 6465?
True
Is 74 a factor of 10475588?
True
Is 391391 a multiple of 299?
True
Does 42 divide 8856965?
False
Does 287 divide 118244?
True
Does 13 divide 160069?
True
Is 138 a factor of 50814?
False
Is 24 a factor of 980088?
True
Does 201 divide 245823?
True
Is 49 a factor of 93884?
True
Is 5 a factor of 198545?
True
Does 13 divide 6449958?
False
Is 980910 a multiple of 27?
True
Is 10 a factor of 1058?
False
Is 3196530 a multiple of 27?
True
Is 118498 a multiple of 7?
False
Is 8 a factor of 736552?
True
Is 73609 a multiple of 134?
False
Is 54955 a multiple of 20?
False
Is 148608 a multiple of 216?
True
Is 85120 a multiple of 35?
True
Is 17 a factor of 295783?
True
Does 34 divide 2131970?
True
Is 4 a factor of 56243?
False
Is 17 a factor of 146370?
True
Is 7972656 a multiple of 1304?
True
Is 85 a factor of 1505010?
True
Does 26 divide 22555?
False
Is 362573 a multiple of 25?
False
Is 1023 a factor of 416361?
True
Does 405 divide 290183?
False
Is 12312 a multiple of 54?
True
Does 4 divide 131547?
False
Is 21130408 a multiple of 338?
True
Is 356 a factor of 3982598?
False
Is 759316 a multiple of 905?
False
Does 93 divide 12344?
False
Does 5 divide 521109?
False
Is 116 a factor of 4729320?
True
Is 55017 a multiple of 45?
False
Is 4 a factor of 7517?
False
Is 2 a factor of 8792?
True
Does 9 divide 39915?
True
Is 270 a factor of 3224610?
True
Does 36 divide 211538?
False
Is 146962 a multiple of 14?
False
Is 17491445 a multiple of 46?
False
Does 160 divide 820800?
True
Is 3291302 a multiple of 10?
False
Is 81420 a multiple of 345?
True
Is 151 a factor of 1795843?
True
Is 17 a factor of 155156?
False
Is 178 a factor of 86699?
False
Does 12 divide 391399?
False
Is 336220 a multiple of 14?
False
Is 10350 a multiple of 85?
False
Does 16 divide 214048?
True
Does 84 divide 337432?
False
Does 18 divide 534204?
True
Is 125 a factor of 457499?
False
Is 17 a factor of 65405?
False
Is 1470460 a multiple of 90?
False
Is 22 a factor of 65915?
False
Is 396423 a multiple of 153?
True
Does 530 divide 2105433?
False
Does 9 divide 65223?
True
Is 10 a factor of 99134?
False
Is 99 a factor of 1655968?
False
Is 5602712 a multiple of 591?
False
Is 31 a factor of 296754?
False
Is 370512 a multiple of 496?
True
Does 44 divide 71655?
False
Is 4 a factor of 8944696?
True
Is 427194 a multiple of 486?
True
Is 4440469 a multiple of 96?
False
Is 53618 a multiple of 34?
True
Is 4044136 a multiple of 35?
False
Does 30 divide 17032170?
True
Is 9085710 a multiple of 1051?
False
Does 13 divide 894421?
False
Is 3 a factor of 5141139?
True
Is 51568 a multiple of 22?
True
Does 295 divide 1582361?
False
Is 3388935 a multiple of 759?
True
Is 456022 a multiple of 44?
False
Is 165797 a multiple of 16?
False
Is 11123592 a multiple of 11?
False
Is 5564988 a multiple of 828?
True
Does 30 divide 631066?
False
Is 13251 even?
False
Does 17 divide 829515?
True
Does 83 divide 264687?
True
Does 700 divide 6402237?
False
Is 509 a factor of 430582?
False
Is 645 a factor of 29075?
False
Is 140 a factor of 1921335?
False
Does 7 divide 278035?
False
Is 26 a factor of 274160?
False
Is 63 a factor of 723628?
False
Is 16990 a multiple of 30?
False
Is 880 a factor of 15615371?
False
Does 315 divide 166570?
False
Is 26623 a multiple of 337?
True
Is 199027 a multiple of 123?
False
Is 10250688 a multiple of 696?
True
Does 27 divide 32125?
False
Is 30 a factor of 2349570?
True
Is 7081031 a multiple of 1019?
True
Does 2832 divide 22892069?
False
Is 17 a factor of 88262?
False
Is 737516 a multiple of 338?
True
Does 6 divide 266964?
True
Is 19 a factor of 9574860?
True
Is 47 a factor of 312173?
False
Is 159882 a multiple of 41?
False
Is 11 a factor of 1409782?
True
Is 330581 a multiple of 426?
False
Is 8360 a multiple of 3?
False
Does 18 divide 26848?
False
Is 148 a factor of 84839?
False
Does 290 divide 31761670?
True
Is 3608307 a multiple of 2?
False
Is 395916 a multiple of 21?
False
Does 20 divide 120200?
True
Is 4930918 a multiple of 12?
False
Does 35 divide 823025?
True
Is 218428 a multiple of 538?
True
Is 29 a factor of 130663?
False
Does 893 divide 67235?
False
Is 99 a factor of 3221757?
True
Is 2078426 a multiple of 2?
True
Does 116 divide 75168?
True
Is 62912 a multiple of 231?
False
Is 2032 a factor of 10027920?
True
Is 576913 a multiple of 259?
False
Is 170 a factor of 598400?
True
Is 2080 a multiple of 80?
True
Is 177821 a multiple of 49?
True
Does 30 divide 427620?
True
Is 117964 a multiple of 44?
True
Is 107 a factor of 14873?
True
Does 103 divide 786350?
False
Is 91 a factor of 334971?
True
Is 35 a factor of 6956822?
False
Does 11 divide 43894?
False
Is 2199150 a multiple of 9?
True
Is 419 a factor of 35615?
True
Is 11659770 a multiple of 50?
False
Is 206577 a multiple of 9?
True
Is 24554 a multiple of 6?
False
Is 105 a factor of 1785584?
False
Is 13 a factor of 68845?
False
Is 25 a factor of 314700?
True
Is 78 a factor of 83304?
True
Does 690 divide 3094953?
False
Is 4 a factor of 47348?
True
Does 13 divide 8329282?
True
Does 111 divide 416566?
False
Is 2 a factor of 45713?
False
Is 260 a factor of 9654060?
True
Is 346 a factor of 798914?
True
Does 164 divide 496264?
True
Is 189090 a multiple of 110?
True
Does 11 divide 8415?
True
Is 4 a factor of 2653881?
False
Does 121 divide 7422968?
False
Is 20230751 a multiple of 18?
False
Is 377470 a multiple of 5?
True
Is 240 a factor of 1124002?
False
Does 32 divide 195203?
False
Is 12487990 a multiple of 370?
False
Is 26 a factor of 12250680?
True
Is 10 a factor of 209026?
False
Is 157735 a multiple of 9?
False
Does 32 divide 189552?
False
Is 359253 a multiple of 72?
False
Is 208635 a multiple of 7?
True
Does 14 divide 160040?
False
Is 8 a factor of 19553?
False
Is 1739577 a multiple of 342?
False
Is 32274645 a multiple of 39?
True
Does 279 divide 409997?
False
Is 1654310 a multiple of 95?
False
Does 13 divide 5691236?
False
Is 79706 a multiple of 4?
False
Is 2998426 a multiple of 34?
True
Is 36 a factor of 83833?
False
Does 204 divide 1053252?
True
Does 22 divide 114018?
False
Is 493 a factor of 3440154?
True
Is 14 a factor of 71723?
False
Is 11 a factor of 5704444?
False
Is 419270 a multiple of 617?
False
Is 5673740 a multiple of 6?
False
Does 12 divide 320760?
True
Is 148 a multiple of 5?
False
Is 670910 a